{"id":2423,"date":"2023-03-07T14:00:25","date_gmt":"2023-03-07T13:00:25","guid":{"rendered":"https:\/\/www.marcillydazergues.com\/MA2022\/?page_id=2423"},"modified":"2023-03-07T14:17:09","modified_gmt":"2023-03-07T13:17:09","slug":"mentions-legales","status":"publish","type":"page","link":"https:\/\/www.marcillydazergues.com\/MA2022\/mentions-legales\/","title":{"rendered":"Mentions l\u00e9gales"},"content":{"rendered":"\t\t<div data-elementor-type=\"wp-page\" data-elementor-id=\"2423\" class=\"elementor elementor-2423\">\n\t\t\t\t\t\t\t\t\t<section class=\"elementor-section elementor-top-section elementor-element elementor-element-51d2845 elementor-section-boxed elementor-section-height-default elementor-section-height-default\" data-id=\"51d2845\" data-element_type=\"section\">\n\t\t\t\t\t\t<div class=\"elementor-container elementor-column-gap-default\">\n\t\t\t\t\t<div class=\"elementor-column elementor-col-100 elementor-top-column elementor-element elementor-element-ff14eb0\" data-id=\"ff14eb0\" data-element_type=\"column\">\n\t\t\t<div class=\"elementor-widget-wrap elementor-element-populated\">\n\t\t\t\t\t\t\t\t<div class=\"elementor-element elementor-element-afdfeb4 elementor-widget elementor-widget-heading\" data-id=\"afdfeb4\" data-element_type=\"widget\" data-widget_type=\"heading.default\">\n\t\t\t\t<div class=\"elementor-widget-container\">\n\t\t\t<style>\/*! elementor - v3.11.5 - 14-03-2023 *\/\n.elementor-heading-title{padding:0;margin:0;line-height:1}.elementor-widget-heading .elementor-heading-title[class*=elementor-size-]>a{color:inherit;font-size:inherit;line-height:inherit}.elementor-widget-heading .elementor-heading-title.elementor-size-small{font-size:15px}.elementor-widget-heading .elementor-heading-title.elementor-size-medium{font-size:19px}.elementor-widget-heading .elementor-heading-title.elementor-size-large{font-size:29px}.elementor-widget-heading .elementor-heading-title.elementor-size-xl{font-size:39px}.elementor-widget-heading .elementor-heading-title.elementor-size-xxl{font-size:59px}<\/style><h3 class=\"elementor-heading-title elementor-size-default\">Mentions l\u00e9gales<\/h3>\t\t<\/div>\n\t\t\t\t<\/div>\n\t\t\t\t\t<\/div>\n\t\t<\/div>\n\t\t\t\t\t\t\t<\/div>\n\t\t<\/section>\n\t\t\t\t<section class=\"elementor-section elementor-top-section elementor-element elementor-element-e732fc8 elementor-section-boxed elementor-section-height-default elementor-section-height-default\" data-id=\"e732fc8\" data-element_type=\"section\">\n\t\t\t\t\t\t<div class=\"elementor-container elementor-column-gap-default\">\n\t\t\t\t\t<div class=\"elementor-column elementor-col-100 elementor-top-column elementor-element elementor-element-3d7d7c9\" data-id=\"3d7d7c9\" data-element_type=\"column\">\n\t\t\t<div class=\"elementor-widget-wrap elementor-element-populated\">\n\t\t\t\t\t\t\t\t<div class=\"elementor-element elementor-element-33dc9dc elementor-widget elementor-widget-text-editor\" data-id=\"33dc9dc\" data-element_type=\"widget\" data-widget_type=\"text-editor.default\">\n\t\t\t\t<div class=\"elementor-widget-container\">\n\t\t\t<style>\/*! elementor - v3.11.5 - 14-03-2023 *\/\n.elementor-widget-text-editor.elementor-drop-cap-view-stacked .elementor-drop-cap{background-color:#818a91;color:#fff}.elementor-widget-text-editor.elementor-drop-cap-view-framed .elementor-drop-cap{color:#818a91;border:3px solid;background-color:transparent}.elementor-widget-text-editor:not(.elementor-drop-cap-view-default) .elementor-drop-cap{margin-top:8px}.elementor-widget-text-editor:not(.elementor-drop-cap-view-default) .elementor-drop-cap-letter{width:1em;height:1em}.elementor-widget-text-editor .elementor-drop-cap{float:left;text-align:center;line-height:1;font-size:50px}.elementor-widget-text-editor .elementor-drop-cap-letter{display:inline-block}<\/style>\t\t\t\t<p style=\"font-weight: 400;\"><strong>Site officiel de la Mairie de Marcilly d&rsquo;Azergues :<\/strong> <br \/>https:\/\/www.marcillydazergues.com\/<\/p><p style=\"font-weight: 400;\">\u00c9diteur du site\u00a0: Mairie de Marcilly d&rsquo;Azergues<\/p><p style=\"font-weight: 400;\"><strong>Adresse<\/strong> : 55 rue de la Mairie &#8211; 69380 Marcilly d&rsquo;azergues<br \/>T\u00e9l. 04 78 43 11 77<a href=\"http:\/\/www.chazaydazergues.fr\/contact\"><br \/><\/a><a href=\"https:\/\/www.marcillydazergues.com\/MA2022\/contacter-la-mairie-2\/\"><u>Courriel<\/u><\/a><\/p><p style=\"font-weight: 400;\"><strong>Directeur de la publication :<\/strong>\u00a0M. Fr\u00e9d\u00e9ric BLANCHON &#8211; Maire de Marcilly d&rsquo;Azergues<\/p><p style=\"font-weight: 400;\"><strong>Conception et r\u00e9alisation :<\/strong>\u00a0Agence AJC&gt;COM\u00a0&#8211; 69400 Porte des Pierres Dor\u00e9es<br \/><strong>H\u00e9bergement :<\/strong>\u00a0OVH SAS \u2013 59100 Roubais<br \/><strong>Gestion et mise \u00e0 jour :<\/strong>\u00a0Commission Information et Communication de la mairie de Marcilly d&rsquo;Azergues<\/p><p style=\"font-weight: 400;\"><strong>Propri\u00e9t\u00e9 intellectuelle\u00a0:<\/strong>\u00a0<br \/>Tout lien avec ce Site Web doit faire pr\u00e9alablement l&rsquo;objet d&rsquo;une demande expresse d&rsquo;autorisation.<\/p><p style=\"font-weight: 400;\">Ce Site Web constitue une \u0153uvre prot\u00e9g\u00e9e en France par le Code de Propri\u00e9t\u00e9 Intellectuelle, et \u00e0 l&rsquo;\u00e9tranger par les conventions internationales en vigueur sur le droit d&rsquo;auteur. La violation de l&rsquo;un des droits d&rsquo;auteur de l&rsquo;\u0153uvre est un d\u00e9lit de contrefa\u00e7on passible, aux termes de l&rsquo;article L.335-2 du Code de la Propri\u00e9t\u00e9 Intellectuelle, de 2 ans d&#8217;emprisonnement et de 150 000 \u20ac d&rsquo;amende.<\/p><p style=\"font-weight: 400;\"><strong>Cr\u00e9dit photos :<\/strong>\u00a0Mairie de Marcilly d\u2019Azergues &#8211; Tous droits r\u00e9serv\u00e9s<\/p><p>\u00a9 Mairie de Marcilly d\u2019Azergues &#8211; Tous droits r\u00e9serv\u00e9s, reproduction (partielle ou int\u00e9grale) interdite sans autorisation.<\/p>\t\t\t\t\t\t<\/div>\n\t\t\t\t<\/div>\n\t\t\t\t<div class=\"elementor-element elementor-element-1ac8eff elementor-widget elementor-widget-heading\" data-id=\"1ac8eff\" data-element_type=\"widget\" data-widget_type=\"heading.default\">\n\t\t\t\t<div class=\"elementor-widget-container\">\n\t\t\t<h3 class=\"elementor-heading-title elementor-size-default\">Politique de confidentialit\u00e9<\/h3>\t\t<\/div>\n\t\t\t\t<\/div>\n\t\t\t\t<div class=\"elementor-element elementor-element-5443c66 elementor-widget elementor-widget-text-editor\" data-id=\"5443c66\" data-element_type=\"widget\" data-widget_type=\"text-editor.default\">\n\t\t\t\t<div class=\"elementor-widget-container\">\n\t\t\t\t\t\t\t<p style=\"font-weight: 400;\">Le traitement des donn\u00e9es personnelles par la commune de Marcilly d\u2019Azergues ne fait pas l&rsquo;objet d&rsquo;une d\u00e9claration aupr\u00e8s de la CNIL.\u00a0Vous disposez d&rsquo;un droit d&rsquo;acc\u00e8s, de modification, de rectification et de suppressions des donn\u00e9es vous concernant si vous avez communiqu\u00e9 ces donn\u00e9es par le biais d&rsquo;un formulaire du site (loi \u00ab\u00a0informatique et libert\u00e9\u00a0\u00bb du 6 janvier 1978).\u00a0<\/p><p style=\"font-weight: 400;\">\u00a0<\/p><p style=\"font-weight: 400;\"><strong>Confidentialit\u00e9 et vie priv\u00e9e<\/strong><\/p><p style=\"font-weight: 400;\">La commune de Marcilly d\u2019Azergues s&rsquo;engage au strict respect des r\u00e8gles de la CNIL.<\/p><p style=\"font-weight: 400;\">La commune de Marcilly d\u2019Azergues s&rsquo;engage \u00e9galement \u00e0 ne pas c\u00e9der ou vendre des informations \u00e0 caract\u00e8res personnelles ou priv\u00e9es que vous pourriez nous avoir communiqu\u00e9 par l&rsquo;interm\u00e9diaire d&rsquo;un courrier postal ou \u00e9lectronique, d&rsquo;un formulaire, d&rsquo;une conversation t\u00e9l\u00e9phonique, d&rsquo;une t\u00e9l\u00e9copie ou sous n&rsquo;importe quelle autre forme.<\/p><p style=\"font-weight: 400;\">La commune de Marcilly d\u2019Azergues a mis en place en interne des syst\u00e8mes de s\u00e9curisations et de cryptage pour les donn\u00e9es envoy\u00e9es depuis le site (s\u00e9curisation SSL des pages du site) et ne garde aucune donn\u00e9e personnelle sur son site autre que les informations que vous avez souhait\u00e9es que la mairie conserve comme votre adresse email si vous avez souhait\u00e9 recevoir des informations par courriel. Nous avons alors le nom que vous nous avez fourni ainsi que votre adresse email dans notre base de donn\u00e9es d&rsquo;envoi.<\/p><p>\u00a0<\/p><p style=\"font-weight: 400;\"><strong>MENTIONS RELATIVES A LA REGLEMENTATION RGPD.<\/strong><\/p><p style=\"font-weight: 400;\"><strong>Informations l\u00e9gales relatives \u00e0 la collecte d&rsquo;informations<\/strong><\/p><p style=\"font-weight: 400;\">Les informations recueillies concernant l\u2019utilisateur font l\u2019objet d\u2019un traitement destin\u00e9 au service communication de la commune\u00a0: \u00a0M. Fr\u00e9d\u00e9ric BLANCHON, Maire &#8211; Mairie de Marcilly d\u2019Azergues \u2013 69380 MARCILLY D\u2019AZERGUES ainsi que les personnes travaillant dans le service communication de la mairie et ce pour la finalit\u00e9 suivante\u00a0: r\u00e9ception et traitement des questions pos\u00e9es via le formulaire de contact du site ou l\u2019adresse mail, envoi d\u2019informations aux personnes.<\/p><p style=\"font-weight: 400;\">Si un formulaire est adress\u00e9 \u00e0 une personne identifi\u00e9e \u00e0 la mairie\u00a0(maire, \u00e9lus, etc..) explicitement choisi ou indiqu\u00e9 dans le formulaire du site, le formulaire lui sera alors remis apr\u00e8s r\u00e9ception. La dur\u00e9e de conservation des donn\u00e9es est de 1 an maximum pour les questions envoy\u00e9es depuis un formulaire du site, les donn\u00e9es de formulaires n&rsquo;\u00e9tant pas conserv\u00e9es sur le site mais sous forme d&#8217;email stock\u00e9 dans la boite de son destinataire, du service communication de la commune, et dans la boite du Directeur G\u00e9n\u00e9ral des Services de la commune pour archivage.<\/p><p style=\"font-weight: 400;\">Vous b\u00e9n\u00e9ficiez d\u2019un droit d\u2019acc\u00e8s, de rectification, de portabilit\u00e9, d\u2019effacement de celles-ci ou une limitation du traitement.<\/p><p style=\"font-weight: 400;\">Vous pouvez vous opposer au traitement des donn\u00e9es vous concernant et disposez du droit de retirer votre consentement \u00e0 tout moment en vous adressant \u00e0 : M. Fr\u00e9d\u00e9ric BLANCHON, Maire\u00a0 &#8211; Mairie de Marcilly d\u2019Azergues \u2013 69380 MARCILLY D\u2019AZERGUES.<\/p><p style=\"font-weight: 400;\">Vous avez la possibilit\u00e9 d\u2019introduire une r\u00e9clamation aupr\u00e8s d\u2019une autorit\u00e9 de contr\u00f4le.<\/p><p style=\"font-weight: 400;\"><strong>Acc\u00e8s aux donn\u00e9es personnelles<\/strong><\/p><p style=\"font-weight: 400;\">Nous ne partageons pas vos donn\u00e9es personnelles avec des \u00e9trangers.<br \/>Nous divulguons vos donn\u00e9es personnelles \u00e0 des tiers ou \u00e0 des fonctionnaires lorsque nous sommes l\u00e9galement tenus de le faire. Nous pourrions divulguer vos donn\u00e9es personnelles \u00e0 des tiers si vous y avez consenti ou s\u2019il existe d\u2019autres motifs l\u00e9gaux.<\/p><p style=\"font-weight: 400;\">Pour en savoir plus\u00a0: consulter le site de la CNIL (<a href=\"https:\/\/www.cnil.fr\/\">https:\/\/www.cnil.fr<\/a>)<\/p>\t\t\t\t\t\t<\/div>\n\t\t\t\t<\/div>\n\t\t\t\t\t<\/div>\n\t\t<\/div>\n\t\t\t\t\t\t\t<\/div>\n\t\t<\/section>\n\t\t\t\t\t\t\t<\/div>\n\t\t","protected":false},"excerpt":{"rendered":"<p>Mentions l\u00e9gales Site officiel de la Mairie de Marcilly d&rsquo;Azergues : https:\/\/www.marcillydazergues.com\/ \u00c9diteur du site\u00a0: Mairie de Marcilly d&rsquo;Azergues Adresse : 55 rue de la Mairie &#8211; 69380 Marcilly d&rsquo;azerguesT\u00e9l. [&hellip;]<\/p>\n","protected":false},"author":1,"featured_media":0,"parent":0,"menu_order":0,"comment_status":"closed","ping_status":"closed","template":"","meta":{"footnotes":""},"folder":[],"class_list":["post-2423","page","type-page","status-publish","hentry"],"_links":{"self":[{"href":"https:\/\/www.marcillydazergues.com\/MA2022\/wp-json\/wp\/v2\/pages\/2423","targetHints":{"allow":["GET"]}}],"collection":[{"href":"https:\/\/www.marcillydazergues.com\/MA2022\/wp-json\/wp\/v2\/pages"}],"about":[{"href":"https:\/\/www.marcillydazergues.com\/MA2022\/wp-json\/wp\/v2\/types\/page"}],"author":[{"embeddable":true,"href":"https:\/\/www.marcillydazergues.com\/MA2022\/wp-json\/wp\/v2\/users\/1"}],"replies":[{"embeddable":true,"href":"https:\/\/www.marcillydazergues.com\/MA2022\/wp-json\/wp\/v2\/comments?post=2423"}],"version-history":[{"count":10,"href":"https:\/\/www.marcillydazergues.com\/MA2022\/wp-json\/wp\/v2\/pages\/2423\/revisions"}],"predecessor-version":[{"id":2434,"href":"https:\/\/www.marcillydazergues.com\/MA2022\/wp-json\/wp\/v2\/pages\/2423\/revisions\/2434"}],"wp:attachment":[{"href":"https:\/\/www.marcillydazergues.com\/MA2022\/wp-json\/wp\/v2\/media?parent=2423"}],"wp:term":[{"taxonomy":"folder","embeddable":true,"href":"https:\/\/www.marcillydazergues.com\/MA2022\/wp-json\/wp\/v2\/folder?post=2423"}],"curies":[{"name":"wp","href":"https:\/\/api.w.org\/{rel}","templated":true}]}}

Mentions légales

<div data-elementor-type="wp-page" data-elementor-id="2423" class="elementor elementor-2423">
									<section class="elementor-section elementor-top-section elementor-element elementor-element-51d2845 elementor-section-boxed elementor-section-height-default elementor-section-height-default" data-id="51d2845" data-element_type="section">
						<div class="elementor-container elementor-column-gap-default">
					<div class="elementor-column elementor-col-100 elementor-top-column elementor-element elementor-element-ff14eb0" data-id="ff14eb0" data-element_type="column">
			<div class="elementor-widget-wrap elementor-element-populated">
								<div class="elementor-element elementor-element-afdfeb4 elementor-widget elementor-widget-heading" data-id="afdfeb4" data-element_type="widget" data-widget_type="heading.default">
				<div class="elementor-widget-container">
			<style>/*! elementor - v3.11.5 - 14-03-2023 */
.elementor-heading-title{padding:0;margin:0;line-height:1}.elementor-widget-heading .elementor-heading-title[class*=elementor-size-]>a{color:inherit;font-size:inherit;line-height:inherit}.elementor-widget-heading .elementor-heading-title.elementor-size-small{font-size:15px}.elementor-widget-heading .elementor-heading-title.elementor-size-medium{font-size:19px}.elementor-widget-heading .elementor-heading-title.elementor-size-large{font-size:29px}.elementor-widget-heading .elementor-heading-title.elementor-size-xl{font-size:39px}.elementor-widget-heading .elementor-heading-title.elementor-size-xxl{font-size:59px}</style><h3 class="elementor-heading-title elementor-size-default">Mentions légales</h3>		</div>
				</div>
					</div>
		</div>
							</div>
		</section>
				<section class="elementor-section elementor-top-section elementor-element elementor-element-e732fc8 elementor-section-boxed elementor-section-height-default elementor-section-height-default" data-id="e732fc8" data-element_type="section">
						<div class="elementor-container elementor-column-gap-default">
					<div class="elementor-column elementor-col-100 elementor-top-column elementor-element elementor-element-3d7d7c9" data-id="3d7d7c9" data-element_type="column">
			<div class="elementor-widget-wrap elementor-element-populated">
								<div class="elementor-element elementor-element-33dc9dc elementor-widget elementor-widget-text-editor" data-id="33dc9dc" data-element_type="widget" data-widget_type="text-editor.default">
				<div class="elementor-widget-container">
			<style>/*! elementor - v3.11.5 - 14-03-2023 */
.elementor-widget-text-editor.elementor-drop-cap-view-stacked .elementor-drop-cap{background-color:#818a91;color:#fff}.elementor-widget-text-editor.elementor-drop-cap-view-framed .elementor-drop-cap{color:#818a91;border:3px solid;background-color:transparent}.elementor-widget-text-editor:not(.elementor-drop-cap-view-default) .elementor-drop-cap{margin-top:8px}.elementor-widget-text-editor:not(.elementor-drop-cap-view-default) .elementor-drop-cap-letter{width:1em;height:1em}.elementor-widget-text-editor .elementor-drop-cap{float:left;text-align:center;line-height:1;font-size:50px}.elementor-widget-text-editor .elementor-drop-cap-letter{display:inline-block}</style>				<p style="font-weight: 400;"><strong>Site officiel de la Mairie de Marcilly d&rsquo;Azergues :</strong> <br />https://www.marcillydazergues.com/</p><p style="font-weight: 400;">Éditeur du site : Mairie de Marcilly d&rsquo;Azergues</p><p style="font-weight: 400;"><strong>Adresse</strong> : 55 rue de la Mairie &#8211; 69380 Marcilly d&rsquo;azergues<br />Tél. 04 78 43 11 77<a href="http://www.chazaydazergues.fr/contact"><br /></a><a href="https://www.marcillydazergues.com/MA2022/contacter-la-mairie-2/"><u>Courriel</u></a></p><p style="font-weight: 400;"><strong>Directeur de la publication :</strong> M. Frédéric BLANCHON &#8211; Maire de Marcilly d&rsquo;Azergues</p><p style="font-weight: 400;"><strong>Conception et réalisation :</strong> Agence AJC&gt;COM &#8211; 69400 Porte des Pierres Dorées<br /><strong>Hébergement :</strong> OVH SAS – 59100 Roubais<br /><strong>Gestion et mise à jour :</strong> Commission Information et Communication de la mairie de Marcilly d&rsquo;Azergues</p><p style="font-weight: 400;"><strong>Propriété intellectuelle :</strong> <br />Tout lien avec ce Site Web doit faire préalablement l&rsquo;objet d&rsquo;une demande expresse d&rsquo;autorisation.</p><p style="font-weight: 400;">Ce Site Web constitue une œuvre protégée en France par le Code de Propriété Intellectuelle, et à l&rsquo;étranger par les conventions internationales en vigueur sur le droit d&rsquo;auteur. La violation de l&rsquo;un des droits d&rsquo;auteur de l&rsquo;œuvre est un délit de contrefaçon passible, aux termes de l&rsquo;article L.335-2 du Code de la Propriété Intellectuelle, de 2 ans d&#8217;emprisonnement et de 150 000 € d&rsquo;amende.</p><p style="font-weight: 400;"><strong>Crédit photos :</strong> Mairie de Marcilly d’Azergues &#8211; Tous droits réservés</p><p>© Mairie de Marcilly d’Azergues &#8211; Tous droits réservés, reproduction (partielle ou intégrale) interdite sans autorisation.</p>						</div>
				</div>
				<div class="elementor-element elementor-element-1ac8eff elementor-widget elementor-widget-heading" data-id="1ac8eff" data-element_type="widget" data-widget_type="heading.default">
				<div class="elementor-widget-container">
			<h3 class="elementor-heading-title elementor-size-default">Politique de confidentialité</h3>		</div>
				</div>
				<div class="elementor-element elementor-element-5443c66 elementor-widget elementor-widget-text-editor" data-id="5443c66" data-element_type="widget" data-widget_type="text-editor.default">
				<div class="elementor-widget-container">
							<p style="font-weight: 400;">Le traitement des données personnelles par la commune de Marcilly d’Azergues ne fait pas l&rsquo;objet d&rsquo;une déclaration auprès de la CNIL. Vous disposez d&rsquo;un droit d&rsquo;accès, de modification, de rectification et de suppressions des données vous concernant si vous avez communiqué ces données par le biais d&rsquo;un formulaire du site (loi « informatique et liberté » du 6 janvier 1978). </p><p style="font-weight: 400;"> </p><p style="font-weight: 400;"><strong>Confidentialité et vie privée</strong></p><p style="font-weight: 400;">La commune de Marcilly d’Azergues s&rsquo;engage au strict respect des règles de la CNIL.</p><p style="font-weight: 400;">La commune de Marcilly d’Azergues s&rsquo;engage également à ne pas céder ou vendre des informations à caractères personnelles ou privées que vous pourriez nous avoir communiqué par l&rsquo;intermédiaire d&rsquo;un courrier postal ou électronique, d&rsquo;un formulaire, d&rsquo;une conversation téléphonique, d&rsquo;une télécopie ou sous n&rsquo;importe quelle autre forme.</p><p style="font-weight: 400;">La commune de Marcilly d’Azergues a mis en place en interne des systèmes de sécurisations et de cryptage pour les données envoyées depuis le site (sécurisation SSL des pages du site) et ne garde aucune donnée personnelle sur son site autre que les informations que vous avez souhaitées que la mairie conserve comme votre adresse email si vous avez souhaité recevoir des informations par courriel. Nous avons alors le nom que vous nous avez fourni ainsi que votre adresse email dans notre base de données d&rsquo;envoi.</p><p> </p><p style="font-weight: 400;"><strong>MENTIONS RELATIVES A LA REGLEMENTATION RGPD.</strong></p><p style="font-weight: 400;"><strong>Informations légales relatives à la collecte d&rsquo;informations</strong></p><p style="font-weight: 400;">Les informations recueillies concernant l’utilisateur font l’objet d’un traitement destiné au service communication de la commune :  M. Frédéric BLANCHON, Maire &#8211; Mairie de Marcilly d’Azergues – 69380 MARCILLY D’AZERGUES ainsi que les personnes travaillant dans le service communication de la mairie et ce pour la finalité suivante : réception et traitement des questions posées via le formulaire de contact du site ou l’adresse mail, envoi d’informations aux personnes.</p><p style="font-weight: 400;">Si un formulaire est adressé à une personne identifiée à la mairie (maire, élus, etc..) explicitement choisi ou indiqué dans le formulaire du site, le formulaire lui sera alors remis après réception. La durée de conservation des données est de 1 an maximum pour les questions envoyées depuis un formulaire du site, les données de formulaires n&rsquo;étant pas conservées sur le site mais sous forme d&#8217;email stocké dans la boite de son destinataire, du service communication de la commune, et dans la boite du Directeur Général des Services de la commune pour archivage.</p><p style="font-weight: 400;">Vous bénéficiez d’un droit d’accès, de rectification, de portabilité, d’effacement de celles-ci ou une limitation du traitement.</p><p style="font-weight: 400;">Vous pouvez vous opposer au traitement des données vous concernant et disposez du droit de retirer votre consentement à tout moment en vous adressant à : M. Frédéric BLANCHON, Maire  &#8211; Mairie de Marcilly d’Azergues – 69380 MARCILLY D’AZERGUES.</p><p style="font-weight: 400;">Vous avez la possibilité d’introduire une réclamation auprès d’une autorité de contrôle.</p><p style="font-weight: 400;"><strong>Accès aux données personnelles</strong></p><p style="font-weight: 400;">Nous ne partageons pas vos données personnelles avec des étrangers.<br />Nous divulguons vos données personnelles à des tiers ou à des fonctionnaires lorsque nous sommes légalement tenus de le faire. Nous pourrions divulguer vos données personnelles à des tiers si vous y avez consenti ou s’il existe d’autres motifs légaux.</p><p style="font-weight: 400;">Pour en savoir plus : consulter le site de la CNIL (<a href="https://www.cnil.fr/">https://www.cnil.fr</a>)</p>						</div>
				</div>
					</div>
		</div>
							</div>
		</section>
							</div>

<p>Mentions légales Site officiel de la Mairie de Marcilly d&rsquo;Azergues : https://www.marcillydazergues.com/ Éditeur du site : Mairie de Marcilly d&rsquo;Azergues Adresse : 55 rue de la Mairie &#8211; 69380 Marcilly d&rsquo;azerguesTél. [&hellip;]</p>
